t g(a) = a**3 + 18*a**2 - 10. Let t be g(-18). List the prime factors of i(t).
2, 5
Suppose 5*t - 954 = 1271. Suppose 0 = 5*j - 0*j - t. List the prime factors of j.
89
Suppose -482 = 8*h - 14458. List the prime factors of h.
1747
Let g(r) = r**2 + 6*r + 31. List the prime factors of g(18).
463
Suppose 27 = 3*r + 3*t, 0 = -r - 4*t + 5 + 10. Let b be ((-8)/r)/(6/(-21)). Suppose -s = -4*g - 46, s - b*g + 5*g = 21. What are the prime factors of s?
2, 13
Let w(y) = y**2 + 11*y + 4. Let t be w(-11). Suppose -3*f + 2*r = 42 - 10, 0 = 2*r + t. List the prime factors of 0*(-3)/f + 43.
43
Let z = 3 - -1. Suppose -2*n = 5*w - z*w + 1, 0 = 5*w + 3*n - 9. Suppose 0 = 2*t + w*t - 285. List the prime factors of t.
3, 19
List the prime factors of 6/4 - (-6)/(-24)*-3370.
2, 211
Suppose -9 = -g - 3*a + 9, 28 = g + 5*a. Suppose -g*z - 9 = -4*z. List the prime factors of z/(27/60) - 1.
19
Suppose -2*v + 168 = -3*d, -2*v - 3*d + 93 = -v. Let c = v - 194. Let k = -71 - c. List the prime factors of k.
2, 3
Let n = -150 + 818. What are the prime factors of n?
2, 167
Let k be (3/1)/(-3) + 9. Let f = -8 + k. Suppose f = 2*b + 5*i + 1, -3*b + 29 = -b - 5*i. List the prime factors of b.
7
Let t(r) = 3*r + 12. Let l be t(-13). Suppose -10 + 42 = 5*a + 2*y, 3*y = -3*a + 21. List the prime factors of (-4)/a + (-1206)/l.
2, 11
Let s(z) = -2*z**3 - 14*z**2 - 32*z - 2. What are the prime factors of s(-3)?
2, 11
What are the prime factors of (-10)/4*(-344 + 58)?
5, 11, 13
Let i(m) be the first derivative of m**3/3 - 3*m**2/2 + 6*m + 8. List the prime factors of i(7).
2, 17
Let a(t) = 3*t**2 + 10*t + 4. Let n be a(-8). What are the prime factors of (n/6)/((-3)/216*-6)?
2, 29
Suppose 5*z + l = 270, z - 32 = 3*l + 6. Suppose 0 = -4*r - r + 95. Suppose 0 = -4*c + r + z. List the prime factors of c.
2, 3
Let w(r) be the second derivative of -3*r**3/2 + 2*r**2 + 9*r. List the prime factors of w(-6).
2, 29
Suppose -3*z = k - 17, 16 = -3*z + 4*k + 8. Suppose i + z*d - 2*d = 6, 5*i - 3*d = 69. What are the prime factors of i?
2, 3
Suppose -3*m + 315 = 2*m. Let w = m - -18. What are the prime factors of w?
3
Suppose 2*a - 1103 = -6*h + 3*h, 5*h = -5. What are the prime factors of a?
7, 79
Let c = 331 + -82. List the prime factors of c.
3, 83
Let n(h) = h**3 - 7*h**2 + 7*h + 1. Let o be n(8). Suppose 3*j + o = 2*g, g - 4*g + j = -192. List the prime factors of g.
5, 13
Let w = -5549 + 10659. What are the prime factors of w?
2, 5, 7, 73
Suppose -q = 22 + 45. Let t = 252 + q. What are the prime factors of t?
5, 37
Let a = 47 + -72. Let z = 28 + a. Suppose -5*y + 0*u + u + 235 = 0, -z*u = -4*y + 177. What are the prime factors of y?
2, 3
Let b(x) = 265*x - 485. What are the prime factors of b(13)?
2, 5, 37
Suppose -40 = -4*u - 4*a, -a + 36 = 4*u + a. Let v(h) = 5*h + 27. What are the prime factors of v(u)?
67
Suppose j + 6*o - 444 = 7*o, 5*o = -5. List the prime factors of j.
443
Suppose -638 + 7654 = 4*t. List the prime factors of t.
2, 877
Let v(g) = -42*g + 1. Let c be v(-2). Let l = c - 56. Let d = -9 + l. What are the prime factors of d?
2, 5
Let x(i) = i**3 + 6*i**2 - 8*i - 7. Let l be x(-7). Let k be 86 + (-4 - (-6 + 3)). Suppose l = 6*s + 7 - k. List the prime factors of s.
13
Let h(c) be the first derivative of c**4/4 + 4*c**3/3 + 3*c**2/2 - 5*c - 8. Let p be h(-4). Let l = p - -72. List the prime factors of l.
5, 11
Let t(z) = 2*z**3 - 4*z**2 - 5*z + 6. Let q be t(4). Let j be (6/(-12))/(2/(-332)). Let m = j - q. List the prime factors of m.
3, 11
Suppose 4*x = 8*x - 88. Suppose 4*w = 194 + x. What are the prime factors of w?
2, 3
Let v be (-16)/(-72) + 187/9. Let a = v + 31. List the prime factors of a.
2, 13
Let h(u) = u**2 + 4*u - 10. Let z be (-1 + -11)*(-7 - -8). Let y(a) = -a**2 - 12*a - 7. Let v be y(z). List the prime factors of h(v).
11
Suppose -2*n + 8 - 6 = 0. Let k(s) = 63*s**3 - 2*s**2 + 1. What are the prime factors of k(n)?
2, 31
Let v(s) = -s**3 + 7*s**2 + 7*s + 4. Let l be v(7). What are the prime factors of l/1 - (4 - 4)?
53
Let q(i) = i**3 - 5*i**2 - 4*i - 12. Suppose 2*c + m - 9 = 0, m + 3*m = 4*c - 36. Let v be q(c). Suppose -4*h + 144 - 12 = v. What are the prime factors of h?
3, 11
Let g = -1191 - -2029. List the prime factors of g.
2, 419
Let u(j) = -17 + 5*j**2 + 7 + 5 + 2. List the prime factors of u(-7).
2, 11
Suppose -8*c + 2*c + 36 = 0. Suppose 3*f - 711 = 2*a - c*a, -2*f + 706 = 4*a. What are the prime factors of a?
2, 3, 29
Let q be -2 + 2 - (-37 + -1). Let p = 3 + q. What are the prime factors of p?
41
Let s = -988 - -1407. What are the prime factors of s?
419
Let g be ((-36)/10)/(12/(-40)). Let m = -7 + g. Suppose 0 = -m*j - 3*h, -j - 4*h + 8 = -5*h. What are the prime factors of j?
3
Let l = 286 + -180. List the prime factors of l.
2, 53
Let m be 7*(2 - 1) - 2. Suppose 0 = -t - 4*j + 43, 4*j = j + 3. Suppose -m*v + t = -91. List the prime factors of v.
2, 13
Let g(v) = 2*v + 61. Let n be g(15). Suppose n - 11 = x. List the prime factors of x.
2, 5
Let q(c) = 12*c - 10. Let x(t) = t. Let v(u) = q(u) - 5*x(u). Suppose 38 - 29 = s. List the prime factors of v(s).
53
Let a(u) = -3*u - 5. Let o be a(-5). Let m(r) = r + 9. Let c be m(-9). Suppose -2*x - o + 42 = c. What are the prime factors of x?
2
Let t be (8 - 0)*(-1)/((-2)/(-4)). Let v(k) = k**2 + 11*k - 8. What are the prime factors of v(t)?
2, 3
Let d be -1 + 3 + 4 + -4. Suppose -d*b - 167 = -3*a, 4*a - 236 = -4*b - 0*b. What are the prime factors of a?
3, 19
Let n(p) = 20*p**2 - 13*p + 39. List the prime factors of n(7).
2, 29
Let c(o) = o**3 + 18*o**2 + 9*o + 55. List the prime factors of c(-17).
191
Let u(c) = 120*c - 255. What are the prime factors of u(18)?
3, 5, 127
Suppose -21037 + 2167 = -15*x. List the prime factors of x.
2, 17, 37
List the prime factors of 3/5*137365/249.
331
Suppose x - 2560 = 2*b, -3*x = 62*b - 67*b - 7677. What are the prime factors of x?
2, 1277
Let r(b) = b**3 + 49*b**2 + 99*b + 7. What are the prime factors of r(-46)?
1801
Let l(c) be the second derivative of 2*c + 1/20*c**5 + 2/3*c**4 - 1/2*c**3 + 0 - 2*c**2. What are the prime factors of l(-8)?
2, 5
Let j(y) be the first derivative of -y**2 - 4*y + 9. Let s be j(-10). Let c = 37 - s. List the prime factors of c.
3, 7
Let c be ((-56)/70)/(2/(-15)). Let s(r) = -4*r**2 + 10*r + 2. Let o(p) = 11*p**2 - 31*p - 6. Let k(h) = -3*o(h) - 8*s(h). List the prime factors of k(c).
2, 11
List the prime factors of ((-5382)/4 + (-40)/80)/(-2).
673
Let l(z) = 21*z**2 - 3*z + 6. Let w(c) = -4*c**2. Let i(v) = l(v) + 5*w(v). Let u = 25 + -16. What are the prime factors of i(u)?
2, 3, 5
Suppose -5*h + 5*p + 3020 = -0*p, -4*p + 1232 = 2*h. What are the prime factors of h?
2, 19
Let a be -1*0*(1 - 2). Let x = 228 - 218. Suppose a = -3*w + x*w - 42. What are the prime factors of w?
2, 3
Let d(v) = v + 13. Let p be d(-9). Suppose p*s = 6 - 46. Let a(y) = -y**2 - 10*y + 3. List the prime factors of a(s).
3
Let y be (3 - -3)*1/3. Suppose y*l = -2*c + 42, 0 = 5*c - 0*c + 4*l - 107. What are the prime factors of c?
23
Let p(a) be the second derivative of -1/2*a**3 - a + a**2 + 0. What are the prime factors of p(-4)?
2, 7
Let b(p) = 12*p**2 + 17*p + 9. List the prime factors of b(-10).
1039
Suppose -5*w + 16 = 3*w. Suppose 0*r - w*r + 10 = 0. Suppose 70 + 166 = r*g + 4*i, 3*i = 2*g - 76. List the prime factors of g.
2, 11
Suppose -5*o + 181 = -2*n - 0*n, n + 38 = o. Suppose -o*v + 340 = -31*v. What are the prime factors of v?
5, 17
Suppose -3693 = -3*j - 975. What are the prime factors of j?
2, 3, 151
Let k = -42 - -67. Let f = k + -16. What are the prime factors of f?
3
Let z(g) be the third derivative of g**6/120 + g**5/15 - g**4/24 - g**3/6 - 4*g**2. Let d be z(-4). Suppose -6*f + d*f + 42 = 0. List the prime factors of f.
2, 7
List the prime factors of 9958*(-5)/(-90) - 4/18.
7, 79
Suppose 0 = 5*o - 7871 - 299. What are the prime factors of o?
2, 19, 43
Let z(s) = 4*s - 73. Let t be z(12). Suppose 2*l - 14 = 3*l. Let h = l - t. List the prime factors of h.
11
What are the prime factors of (-1190)/(-17) - (4/2 + 1)?
67
Let y = -23 - -30. Suppose -y*l + 15 = -4*l. List the prime factors of l.
5
Suppose -5*s - 27 + 367 = 0. Suppose -4*z - s = -5*z. What are the prime factors of z?
2, 17
Suppose 2*w = 4 - 14. Let o(h) = -3*h - 10. Let c